{"id":109,"date":"2019-05-27T20:25:24","date_gmt":"2019-05-27T23:25:24","guid":{"rendered":"https:\/\/stage.wolfthemes.live\/decibel\/?page_id=109"},"modified":"2023-07-13T18:13:55","modified_gmt":"2023-07-13T21:13:55","slug":"home-2","status":"publish","type":"page","link":"https:\/\/bandalovecats.com.br\/","title":{"rendered":"Home"},"content":{"rendered":"<p>[vc_row content_width=&#8221;full&#8221; equal_height=&#8221;&#8221; font_color=&#8221;light&#8221; shift_y=&#8221;0&#8243; z_index=&#8221;0&#8243; arrow_down=&#8221;true&#8221; row_name=&#8221;Home&#8221;][vc_column][rev_slider_vc alias=&#8221;home&#8221;][\/vc_column][\/vc_row][vc_row column_type=&#8221;block&#8221; font_color=&#8221;light&#8221; shift_y=&#8221;0&#8243; z_index=&#8221;0&#8243; row_name=&#8221;Agenda&#8221;][vc_column width=&#8221;1\/2&#8243;][vc_custom_heading text=&#8221;Agenda&#8221; font_size=&#8221;24&#8243; text_align=&#8221;left&#8221; css=&#8221;.vc_custom_1658770321207{margin-bottom: 0px !important;}&#8221; css_animation=&#8221;fadeInUp&#8221;][vc_separator el_width=&#8221;50&#8243; el_height=&#8221;2&#8243; align=&#8221;align_left&#8221; color=&#8221;white&#8221; css=&#8221;.vc_custom_1559672057380{margin-top: 20px !important;margin-bottom: 30px !important;}&#8221; css_animation=&#8221;fade&#8221; css_animation_delay=&#8221;200&#8243;][wvc_event_index el_id=&#8221;index-98170&#8243;][\/vc_column][vc_column width=&#8221;1\/2&#8243; background_type=&#8221;image&#8221; background_img=&#8221;7762&#8243; background_img_lazyload=&#8221;&#8221; shift_x=&#8221;0&#8243; shift_y=&#8221;0&#8243; z_index=&#8221;0&#8243;][vc_empty_space height=&#8221;350&#8243;][\/vc_column][\/vc_row][vc_row content_width=&#8221;full&#8221; equal_height=&#8221;&#8221; font_color=&#8221;light&#8221; shift_y=&#8221;0&#8243; z_index=&#8221;0&#8243; row_name=&#8221;Fotos&#8221;][vc_column][wvc_sb_instagram_feed num=&#8221;8&#8243; cols=&#8221;6&#8243; username=&#8221;bandalovecats&#8221; css_animation=&#8221;fade&#8221;][\/vc_column][\/vc_row][vc_row equal_height=&#8221;&#8221; background_type=&#8221;image&#8221; background_color=&#8221;white&#8221; background_img_lazyload=&#8221;&#8221; gap=&#8221;60&#8243; shift_y=&#8221;0&#8243; z_index=&#8221;0&#8243; row_name=&#8221;Contato&#8221;][vc_column width=&#8221;2\/3&#8243;][vc_custom_heading text=&#8221;Fa\u00e7a a sua festa conosco&#8221; font_size=&#8221;32&#8243; text_align=&#8221;left&#8221;][vc_column_text]Por favor, preencha o formul\u00e1rio abaixo com as informa\u00e7\u00f5es necess\u00e1rias para que possamos entender melhor suas necessidades e desejos. Faremos o poss\u00edvel para atender todas as suas expectativas e garantir uma apresenta\u00e7\u00e3o incr\u00edvel.[\/vc_column_text]<div role=\"form\" class=\"wpcf7\" id=\"wpcf7-f544-o1\" lang=\"en-US\" dir=\"ltr\">\n<div class=\"screen-reader-response\"><p role=\"status\" aria-live=\"polite\" aria-atomic=\"true\"><\/p> <ul><\/ul><\/div>\n<form action=\"\/index.php\/wp-json\/wp\/v2\/pages\/109#wpcf7-f544-o1\" method=\"post\" class=\"wpcf7-form init\" novalidate=\"novalidate\" data-status=\"init\">\n<div style=\"display: none;\">\n<input type=\"hidden\" name=\"_wpcf7\" value=\"544\" \/>\n<input type=\"hidden\" name=\"_wpcf7_version\" value=\"5.6.1\" \/>\n<input type=\"hidden\" name=\"_wpcf7_locale\" value=\"en_US\" \/>\n<input type=\"hidden\" name=\"_wpcf7_unit_tag\" value=\"wpcf7-f544-o1\" \/>\n<input type=\"hidden\" name=\"_wpcf7_container_post\" value=\"0\" \/>\n<input type=\"hidden\" name=\"_wpcf7_posted_data_hash\" value=\"\" \/>\n<\/div>\n<div class=\"wpcf7-inline-wrapper\">\n<p class=\"wpcf7-inline-field\"><span class=\"wpcf7-form-control-wrap\" data-name=\"your-firstname\"><input type=\"text\" name=\"your-firstname\" value=\"\" size=\"40\" class=\"wpcf7-form-control wpcf7-text wpcf7-validates-as-required\" aria-required=\"true\" aria-invalid=\"false\" placeholder=\"Nome\" \/><\/span><\/p>\n<p class=\"wpcf7-inline-field\"><span class=\"wpcf7-form-control-wrap\" data-name=\"your-firstname\"><input type=\"text\" name=\"your-firstname\" value=\"\" size=\"40\" class=\"wpcf7-form-control wpcf7-text wpcf7-validates-as-required\" aria-required=\"true\" aria-invalid=\"false\" placeholder=\"Sobrenome\" \/><\/span><\/p>\n<\/div>\n<div class=\"wpcf7-inline-wrapper\">\n<p class=\"wpcf7-inline-field\"><span class=\"wpcf7-form-control-wrap\" data-name=\"your-email\"><input type=\"email\" name=\"your-email\" value=\"\" size=\"40\" class=\"wpcf7-form-control wpcf7-text wpcf7-email wpcf7-validates-as-required wpcf7-validates-as-email\" aria-required=\"true\" aria-invalid=\"false\" placeholder=\"E-mail\" \/><\/span> <\/p>\n<p class=\"wpcf7-inline-field\"><span class=\"wpcf7-form-control-wrap\" data-name=\"your-website\"><input type=\"text\" name=\"your-website\" value=\"\" size=\"40\" class=\"wpcf7-form-control wpcf7-text\" aria-invalid=\"false\" placeholder=\"Telefone\" \/><\/span> <\/p>\n<\/div>\n<p><span class=\"wpcf7-form-control-wrap\" data-name=\"your-message\"><textarea name=\"your-message\" cols=\"40\" rows=\"10\" class=\"wpcf7-form-control wpcf7-textarea\" aria-invalid=\"false\" placeholder=\"Mensagem\"><\/textarea><\/span><\/p>\n<p class=\"wpcf7-field-no-margin\"><\/p>\n<p><input type=\"submit\" value=\"Enviar\" class=\"wpcf7-form-control has-spinner wpcf7-submit wpcf7-button-fullwidth\" \/><\/p>\n<div class=\"wpcf7-response-output\" aria-hidden=\"true\"><\/div><\/form><\/div>[\/vc_column][vc_column width=&#8221;1\/3&#8243;][vc_custom_heading text=&#8221;Press Kit&#8221; font_size=&#8221;24&#8243; text_align=&#8221;left&#8221;][vc_button button_type=&#8221;decibel-button-special-accent&#8221; title=&#8221;Baixe nosso Press Kit&#8221; size=&#8221;md&#8221; i_icon_fontawesome=&#8221;&#8221; font_weight=&#8221;700&#8243; button_block=&#8221;true&#8221; add_icon=&#8221;true&#8221;][vc_separator align=&#8221;align_left&#8221;][vc_custom_heading text=&#8221;Contato&#8221; font_size=&#8221;24&#8243; text_align=&#8221;left&#8221; css=&#8221;.vc_custom_1658776206619{margin-bottom: 15px !important;}&#8221;][vc_column_text]<strong>Christian Fara<\/strong><br \/>\n+55 51 99977-7045<br \/>\nproducao@bandalovecats.com.br[\/vc_column_text][vc_separator align=&#8221;align_left&#8221;][vc_custom_heading text=&#8221;Siga a gente&#8221; font_size=&#8221;24&#8243; text_align=&#8221;left&#8221; css=&#8221;.vc_custom_1658776071470{margin-bottom: 0px !important;}&#8221;][wvc_social_icons alignment=&#8221;left&#8221;][\/vc_column][\/vc_row][vc_row][vc_column][\/vc_column][\/vc_row]<\/p>\n","protected":false},"excerpt":{"rendered":"<p>[vc_row content_width=&#8221;full&#8221; equal_height=&#8221;&#8221; font_color=&#8221;light&#8221; shift_y=&#8221;0&#8243; z_index=&#8221;0&#8243; arrow_down=&#8221;true&#8221; row_name=&#8221;Home&#8221;][vc_column][rev_slider_vc alias=&#8221;home&#8221;][\/vc_column][\/vc_row][vc_row column_type=&#8221;block&#8221; font_color=&#8221;light&#8221; shift_y=&#8221;0&#8243; z_index=&#8221;0&#8243; row_name=&#8221;Agenda&#8221;][vc_column width=&#8221;1\/2&#8243;][vc_custom_heading text=&#8221;Agenda&#8221; font_size=&#8221;24&#8243; text_align=&#8221;left&#8221; css=&#8221;.vc_custom_1658770321207{margin-bottom: 0px !important;}&#8221; css_animation=&#8221;fadeInUp&#8221;][vc_separator el_width=&#8221;50&#8243; el_height=&#8221;2&#8243; align=&#8221;align_left&#8221; color=&#8221;white&#8221; css=&#8221;.vc_custom_1559672057380{margin-top: 20px !important;margin-bottom: 30px !important;}&#8221; css_animation=&#8221;fade&#8221; css_animation_delay=&#8221;200&#8243;][wvc_event_index el_id=&#8221;index-98170&#8243;][\/vc_column][vc_column width=&#8221;1\/2&#8243; background_type=&#8221;image&#8221; background_img=&#8221;7762&#8243; background_img_lazyload=&#8221;&#8221; shift_x=&#8221;0&#8243; shift_y=&#8221;0&#8243; z_index=&#8221;0&#8243;][vc_empty_space height=&#8221;350&#8243;][\/vc_column][\/vc_row][vc_row content_width=&#8221;full&#8221; equal_height=&#8221;&#8221; font_color=&#8221;light&#8221; shift_y=&#8221;0&#8243; z_index=&#8221;0&#8243; row_name=&#8221;Fotos&#8221;][vc_column][wvc_sb_instagram_feed num=&#8221;8&#8243; cols=&#8221;6&#8243; username=&#8221;bandalovecats&#8221; css_animation=&#8221;fade&#8221;][\/vc_column][\/vc_row][vc_row equal_height=&#8221;&#8221; background_type=&#8221;image&#8221; background_color=&#8221;white&#8221;&#8230;<\/p>\n<p><a rel=\"bookmark\" class=\"decibel-button-text wvc-button wvc-button-size-sm\" href=\"https:\/\/bandalovecats.com.br\/\"><small class=\"wvc-button-background-fill\"><\/small><span>continue reading<\/span><\/a><\/p>\n","protected":false},"author":1,"featured_media":0,"parent":0,"menu_order":0,"comment_status":"closed","ping_status":"closed","template":"","meta":{"om_disable_all_campaigns":false,"_monsterinsights_skip_tracking":false,"_monsterinsights_sitenote_active":false,"_monsterinsights_sitenote_note":"","_monsterinsights_sitenote_category":0},"aioseo_notices":[],"_links":{"self":[{"href":"https:\/\/bandalovecats.com.br\/index.php\/wp-json\/wp\/v2\/pages\/109"}],"collection":[{"href":"https:\/\/bandalovecats.com.br\/index.php\/wp-json\/wp\/v2\/pages"}],"about":[{"href":"https:\/\/bandalovecats.com.br\/index.php\/wp-json\/wp\/v2\/types\/page"}],"author":[{"embeddable":true,"href":"https:\/\/bandalovecats.com.br\/index.php\/wp-json\/wp\/v2\/users\/1"}],"replies":[{"embeddable":true,"href":"https:\/\/bandalovecats.com.br\/index.php\/wp-json\/wp\/v2\/comments?post=109"}],"version-history":[{"count":31,"href":"https:\/\/bandalovecats.com.br\/index.php\/wp-json\/wp\/v2\/pages\/109\/revisions"}],"predecessor-version":[{"id":7834,"href":"https:\/\/bandalovecats.com.br\/index.php\/wp-json\/wp\/v2\/pages\/109\/revisions\/7834"}],"wp:attachment":[{"href":"https:\/\/bandalovecats.com.br\/index.php\/wp-json\/wp\/v2\/media?parent=109"}],"curies":[{"name":"wp","href":"https:\/\/api.w.org\/{rel}","templated":true}]}}